divisor of 112 and f?
7
Let b(n) = n + 15. Let x be b(0). Let z = -22724 + 22730. What is the greatest common divisor of x and z?
3
Let h = -11 + 14. Suppose -h*r - s - s - 37 = 0, -r - 12 = s. Let c = r - -19. Calculate the highest common factor of 30 and c.
6
Suppose -56 = -3*u + 5*h, -4*u = -0*u - 4*h - 72. What is the highest common factor of 1 and u?
1
Let n be (0/5)/(2 - 3). Suppose 2*d + 11 = 7*d + 4*t, n = -4*d - 4*t + 8. Suppose -4*h + 160 = -d*h. Calculate the greatest common factor of h and 20.
20
Let a(y) = -y**3 + 5*y**2 - 4*y + 16. Let s be a(3). What is the highest common divisor of 594 and s?
22
Suppose -3*v - 19 = h, h + 5 = -0*h + 4*v. Suppose 0 = m + 2*s + 28, 3*s - 28 - 47 = 5*m. Let b = h - m. Calculate the highest common divisor of b and 10.
5
Let j = -37 + 121. Suppose -5*y + 4*a + 152 = -y, -y - 3*a + 46 = 0. Let c = 16 + y. What is the greatest common divisor of c and j?
28
Suppose 2731 + 4916 = 5*p + 2*y, 5*p = 3*y + 7642. Calculate the greatest common divisor of 11 and p.
11
Let g be (-4)/6*33/(-2). Let c(l) = -l**2 + 37*l - 72. Let a be c(32). Calculate the highest common factor of a and g.
11
Let g be 1035/(-6)*(-24)/18. Calculate the greatest common divisor of g and 10.
10
Let k(g) = -16 + 4*g - 2*g + 30 + 26*g**2 - 20. Let c be k(4). Calculate the greatest common factor of 38 and c.
38
Let h = -9 + 127. Calculate the highest common factor of h and 295.
59
Let o = -618 + 90. Let m be o/(-38) - (-14)/133. Calculate the highest common factor of 154 and m.
14
Suppose -3*z + 10 = -20. Suppose -2*c + 69 = -33. Suppose -c = 5*x - 201. What is the greatest common factor of x and z?
10
Let n = 35 + -34. Suppose 0 = -4*a + a + 27. Suppose 2 + a = j. Calculate the greatest common factor of j and n.
1
Let q be 68/(-60) + 1 + 1210/75. Suppose -q = -s - 3*x, 2*x + 3*x = -3*s + 44. What is the greatest common divisor of s and 65?
13
Suppose 16 = 3*l - 80. Suppose 18*q - l = 10*q. Calculate the highest common factor of q and 56.
4
Let j = 1887 + -1842. What is the greatest common factor of 30 and j?
15
Let o(g) = g**2 + 8*g - 5. Let p = 11 + -6. Let x be o(p). Suppose b = -8*b + 180. What is the greatest common divisor of x and b?
20
Let m be 736/(-138)*102/(-2). What is the highest common factor of 34 and m?
34
Suppose 642 = 3*v + 3*v. Suppose -7*z + 47 = -v. What is the highest common factor of z and 66?
22
Let q be 9/(-15) + 266/10. Let w(h) be the third derivative of h**5/15 + h**3/2 + 5*h**2. Let p be w(-3). What is the highest common divisor of p and q?
13
Suppose 4*a = -5*q + 174, 0 = -0*a - 4*a - 16. What is the greatest common divisor of q and 38?
38
Suppose -6*x - 1315 = -x - 3*i, 0 = 3*i - 15. Let n be ((-24)/30)/(2/x). What is the greatest common divisor of n and 26?
26
Let u(i) = 15*i**2 - 46*i + 35. Let z(t) = 7*t**2 - 23*t + 18. Let q(h) = 6*u(h) - 13*z(h). Let n be q(16). Calculate the highest common divisor of n and 8.
8
Let r = -183 + 273. What is the highest common divisor of 45 and r?
45
Suppose -5*m + 522 = 2*z, 3*z - 129 = -5*m + 394. What is the highest common factor of m and 88?
8
Let a(m) = 4*m + 21. Let t be a(25). Let p = 25 - 14. What is the greatest common divisor of t and p?
11
Suppose 0 = 5*k + 15 - 30. Let l(t) = 13*t**2 + 7*t - 12. Let i be l(k). What is the highest common divisor of 315 and i?
63
Let s = -118 - -81. Let g = 73 + s. Calculate the highest common divisor of g and 9.
9
Suppose -4*x + 2820 = -3*t + 5*t, 0 = x + 4*t - 712. Calculate the highest common factor of x and 64.
64
Let m = 35 + -41. Let b be (-637)/(-52) - m/8. Calculate the highest common divisor of b and 39.
13
Let t = 1 - -2. Suppose -18 = -4*c + 3*o, 0*o + t = 3*c + 3*o. Let k = 223 + -214. Calculate the highest common divisor of c and k.
3
Suppose -32*j + 12822 = 3318. What is the highest common factor of 11 and j?
11
Suppose 0 = k + 5, -2*i + 5*k - k + 80 = 0. Suppose 68*t - 79*t = -165. What is the highest common factor of i and t?
15
Let n be (-2 - -7)/1*78/10. Let c(h) = -9*h - 104. Let k be c(-13). Calculate the greatest common divisor of k and n.
13
Suppose -559 = -n - 545. Calculate the greatest common factor of n and 266.
14
Let t(a) = -a**2 + 7*a - 11. Let w be t(4). Suppose w = -5*s + 46. Calculate the highest common factor of 18 and s.
9
Suppose -136 = -3*x - 4*w, w = 4*x - w - 152. Let j = 184 - x. Calculate the highest common divisor of 12 and j.
12
Suppose 26*h - 514 = -176. Suppose 375 = 2*g + 3*g. Suppose -c = 3*t - 4*c - g, 126 = 5*t - 4*c. What is the greatest common factor of t and h?
13
Let u = -231 + 240. What is the highest common divisor of 24 and u?
3
Let h(p) be the third derivative of -p**5/60 - p**4/2 - 8*p**3/3 + 4*p**2. Let y be h(-10). What is the highest common divisor of y and 28?
4
Let y = 138 + -137. Suppose 22 = 5*a + 3*g, -5*a + 0*a = -4*g - 29. Calculate the highest common factor of a and y.
1
Let f(x) = -2*x**3 - 13*x**2 + 2*x - 8. Let t be f(-7). Calculate the highest common factor of t and 27.
27
Let v(h) = 6*h + 22. Let l be v(-3). Calculate the highest common factor of l and 64.
4
Suppose -n - 5*d + 1106 = 0, -4*n - 2*d - d = -4441. Let j be (-4)/(-7) - n/(-77). What is the greatest common divisor of 75 and j?
15
Suppose -f + 7 + 25 = 0. Let u(n) = 2*n**2 - 8*n + 6. Let i be u(5). What is the greatest common divisor of i and f?
16
Let r(t) = -t + 17. Let j be r(3). What is the greatest common factor of j and 21?
7
Let q(v) = 2*v - 3. Let t be q(5). Suppose 0 = -2*l - 5*s + 17 + t, 0 = 2*l - 4*s + 12. Suppose l*d - 12 = 6. Calculate the highest common factor of 45 and d.
9
Suppose 5*m + 3*l - 2*l - 42 = 0, l - 15 = -2*m. Suppose -x + 432 = 5*x. What is the greatest common factor of m and x?
9
Let b = 138 - 229. Let h = b - -127. Calculate the highest common factor of h and 24.
12
Suppose -2*y - 3*y = 4*f - 148, -y = -4. Let r = 63 + f. Suppose z = -z + 38. Calculate the greatest common divisor of r and z.
19
Let u be 2/4 - 39/6. Let t be ((-220)/30)/(4/u). Suppose 0 = -4*d - 12, -5*x - d = -x - 85. What is the highest common divisor of x and t?
11
Let k(h) = 12 + 2*h + 2*h**2 - 3*h**3 - h**2 + 2*h**3. Let t be k(0). Let x = 51 - 15. What is the highest common factor of t and x?
12
Suppose f + 17 = 2*d + 2*d, 7 = 2*d + f. Let q be ((-12)/(-10))/(4/(-290)). Let l be d - 5 - q - -4. Calculate the greatest common divisor of l and 15.
15
Let p(o) = 13*o - 60. Let m be p(6). What is the greatest common factor of 24 and m?
6
Let p be 6 + (3 - 6) + 0. Suppose -15 = -3*a - p. Suppose 26 + 6 = a*w. What is the highest common factor of w and 40?
8
Suppose -5380 = -9*i + 4709. Calculate the highest common divisor of 19 and i.
19
Let r be (-4 + 2)/(6/252). Let i = 6 - r. Let u(v) = 2*v**2 + 3*v + 1. Let x be u(-3). Calculate the highest common divisor of x and i.
10
Let f(n) be the second derivative of n**4/12 + 2*n**3/3 - 6*n**2 + 20*n. Let r = 3 - 15. Let k be f(r). Calculate the greatest common divisor of k and 12.
12
Suppose -5*f - 11 + 136 = 0. Let l = -19 + f. What is the highest common divisor of 3 and l?
3
Suppose 2*d = -d + 12. Let k = 6 - d. Suppose 4*v - 6*v = -4. What is the highest common divisor of k and v?
2
Let m(r) = r**2 + 27*r + 4. Let k be m(-27). Suppose f + 5*i = 18, 0 = -3*f - 3*i + 34 - k. Calculate the greatest common factor of f and 24.
8
Let o = -41 + 72. Let b be ((-4)/3)/(-2) - 3472/(-84). Let d = b - o. Calculate the highest common factor of d and 88.
11
Let h be (-5)/((-2)/(-144)*-2). Suppose -13*f - f + 126 = 0. Suppose 32 = -f*w + 212. Calculate the highest common factor of h and w.
20
Let r = 165 - -115. Suppose -c = a + 2*a - 10, 18 = 5*c - a. Suppose c*x - r = -3*h, -3*h + x + 233 + 57 = 0. What is the greatest common factor of 16 and h?
16
Let d(q) = 5*q**3 - q**2 + 1. Let k be 15/10 - 17/(-2). Let t = k + -9. Let u be d(t). What is the greatest common factor of 40 and u?
5
Let b(q) = 63*q - 6. Let h be b(-5). Let i = h - -573. Calculate the greatest common divisor of i and 36.
36
Suppose -5*p = -3*p - 4*u - 16, 4*u = 5*p - 22. What is the highest common divisor of 7 and p?
1
Let w be -57*(-1)/(-4*6/(-8)). Suppose -6*c = -w*c + 247. Calculate the greatest common divisor of c and 171.
19
Let a(w) = -w**3 + 22*w**2 - 23*w + 29. Let x be a(21). Let j(r) =